{"id":20,"date":"2014-06-12T16:06:45","date_gmt":"2014-06-12T15:06:45","guid":{"rendered":"http:\/\/fo-chu-nantes.fr\/?page_id=20"},"modified":"2015-04-14T15:28:00","modified_gmt":"2015-04-14T14:28:00","slug":"contact","status":"publish","type":"page","link":"https:\/\/fo-chu-nantes.fr\/?page_id=20","title":{"rendered":"Contact"},"content":{"rendered":"<h4><span style=\"text-decoration: underline;\">Permanences:<\/span><\/h4>\n<ul style=\"list-style-type: square;\">\n<li>\n<h4>H\u00f4tel Dieu : 02400 <em>84519<\/em><\/h4>\n<\/li>\n<li>\n<h4>Saint Jacques : 02408 <em>46698<\/em><\/h4>\n<\/li>\n<li>\n<h4>HGRL : 02401 <em>65949<\/em><\/h4>\n<\/li>\n<li>\n<h4>Fax : 02400 <em>84530<\/em><\/h4>\n<\/li>\n<\/ul>\n<p>&nbsp;<\/p>\n<hr \/>\n<h4><\/h4>\n<h4><span style=\"text-decoration: underline;\">Email:<\/span><\/h4>\n<h4><a href=\"mailto:forceouvriere.chunantes@gmail.com\">forceouvriere.chunantes@gmail.com<\/a><\/h4>\n<p>&nbsp;<\/p>\n<hr \/>\n<p>&nbsp;<\/p>\n<h4><span style=\"text-decoration: underline;\">Acc\u00e8s \u00e0 la permanence de l&#8217;H\u00f4tel Dieu:<\/span><\/h4>\n<p>A droite de la chapelle, au RDC Haut<\/p>\n<p>Adresse:<\/p>\n<p>1 Place Alexis Ricordeau<\/p>\n<p>44093 Nantes C\u00e9dex 1<br \/>\n<a href=\"http:\/\/fo-chu-nantes.fr\/wp-content\/uploads\/Acc\u00e8s2.jpg\"><img loading=\"lazy\" decoding=\"async\" class=\"alignleft size-thumbnail wp-image-612\" src=\"http:\/\/fo-chu-nantes.fr\/wp-content\/uploads\/Acc\u00e8s2-150x150.jpg\" alt=\"Acc\u00e8s2\" width=\"150\" height=\"150\" srcset=\"https:\/\/fo-chu-nantes.fr\/wp-content\/uploads\/Acc\u00e8s2-150x150.jpg 150w, https:\/\/fo-chu-nantes.fr\/wp-content\/uploads\/Acc\u00e8s2-144x144.jpg 144w, https:\/\/fo-chu-nantes.fr\/wp-content\/uploads\/Acc\u00e8s2-80x80.jpg 80w, https:\/\/fo-chu-nantes.fr\/wp-content\/uploads\/Acc\u00e8s2-200x200.jpg 200w\" sizes=\"(max-width: 150px) 100vw, 150px\" \/><\/a><a href=\"http:\/\/fo-chu-nantes.fr\/wp-content\/uploads\/Acc\u00e8s.jpg\"><img loading=\"lazy\" decoding=\"async\" class=\"alignleft size-thumbnail wp-image-611\" src=\"http:\/\/fo-chu-nantes.fr\/wp-content\/uploads\/Acc\u00e8s-150x150.jpg\" alt=\"Acc\u00e8s\" width=\"150\" height=\"150\" srcset=\"https:\/\/fo-chu-nantes.fr\/wp-content\/uploads\/Acc\u00e8s-150x150.jpg 150w, https:\/\/fo-chu-nantes.fr\/wp-content\/uploads\/Acc\u00e8s-144x144.jpg 144w, https:\/\/fo-chu-nantes.fr\/wp-content\/uploads\/Acc\u00e8s-80x80.jpg 80w, https:\/\/fo-chu-nantes.fr\/wp-content\/uploads\/Acc\u00e8s-200x200.jpg 200w\" sizes=\"(max-width: 150px) 100vw, 150px\" \/><\/a><\/p>\n<p>&nbsp;<\/p>\n<p>&nbsp;<\/p>\n<p>&nbsp;<\/p>\n<p>&nbsp;<\/p>\n<p>&nbsp;<\/p>\n<p>Cliquez sur les images pour les agrandir<\/p>\n<p>&nbsp;<\/p>\n","protected":false},"excerpt":{"rendered":"<p>Permanences: H\u00f4tel Dieu : 02400 84519 Saint Jacques : 02408 46698 HGRL : 02401 65949 Fax : 02400 84530 &nbsp; Email: forceouvriere.chunantes@gmail.com &nbsp; &nbsp; Acc\u00e8s \u00e0 la permanence de l&#8217;H\u00f4tel Dieu: A droite de la chapelle, au RDC Haut Adresse: 1 Place Alexis Ricordeau 44093 Nantes C\u00e9dex 1 &nbsp; &nbsp; &nbsp; &nbsp; &nbsp; Cliquez sur [&hellip;]<\/p>\n","protected":false},"author":1,"featured_media":0,"parent":0,"menu_order":0,"comment_status":"closed","ping_status":"closed","template":"","meta":{"footnotes":""},"_links":{"self":[{"href":"https:\/\/fo-chu-nantes.fr\/index.php?rest_route=\/wp\/v2\/pages\/20"}],"collection":[{"href":"https:\/\/fo-chu-nantes.fr\/index.php?rest_route=\/wp\/v2\/pages"}],"about":[{"href":"https:\/\/fo-chu-nantes.fr\/index.php?rest_route=\/wp\/v2\/types\/page"}],"author":[{"embeddable":true,"href":"https:\/\/fo-chu-nantes.fr\/index.php?rest_route=\/wp\/v2\/users\/1"}],"replies":[{"embeddable":true,"href":"https:\/\/fo-chu-nantes.fr\/index.php?rest_route=%2Fwp%2Fv2%2Fcomments&post=20"}],"version-history":[{"count":9,"href":"https:\/\/fo-chu-nantes.fr\/index.php?rest_route=\/wp\/v2\/pages\/20\/revisions"}],"predecessor-version":[{"id":613,"href":"https:\/\/fo-chu-nantes.fr\/index.php?rest_route=\/wp\/v2\/pages\/20\/revisions\/613"}],"wp:attachment":[{"href":"https:\/\/fo-chu-nantes.fr\/index.php?rest_route=%2Fwp%2Fv2%2Fmedia&parent=20"}],"curies":[{"name":"wp","href":"https:\/\/api.w.org\/{rel}","templated":true}]}}